[INFO] cloning repository https://github.com/Zhuchengyu04/cita-vm-april
[INFO] running `Command { std: "git" "-c" "credential.helper=" "-c" "credential.helper=/workspace/cargo-home/bin/git-credential-null" "clone" "--bare" "https://github.com/Zhuchengyu04/cita-vm-april" "/workspace/cache/git-repos/https%3A%2F%2Fgithub.com%2FZhuchengyu04%2Fcita-vm-april", kill_on_drop: false }`
[INFO] [stderr] Cloning into bare repository '/workspace/cache/git-repos/https%3A%2F%2Fgithub.com%2FZhuchengyu04%2Fcita-vm-april'...
[INFO] running `Command { std: "git" "rev-parse" "HEAD", kill_on_drop: false }`
[INFO] [stdout] c6b9f5ff24cc2a04974e35bcdd8ac3bf0011ed88
[INFO] building Zhuchengyu04/cita-vm-april against master#881c1ac408d93bb7adaa3a51dabab9266e82eee8 for issue-85264
[INFO] running `Command { std: "git" "clone" "/workspace/cache/git-repos/https%3A%2F%2Fgithub.com%2FZhuchengyu04%2Fcita-vm-april" "/workspace/builds/worker-8/source", kill_on_drop: false }`
[INFO] [stderr] Cloning into '/workspace/builds/worker-8/source'...
[INFO] [stderr] done.
[INFO] validating manifest of git repo https://github.com/Zhuchengyu04/cita-vm-april on toolchain 881c1ac408d93bb7adaa3a51dabab9266e82eee8
[INFO] running `Command { std: "/workspace/cargo-home/bin/cargo" "+881c1ac408d93bb7adaa3a51dabab9266e82eee8" "metadata" "--manifest-path" "Cargo.toml" "--no-deps", kill_on_drop: false }`
[INFO] started tweaking git repo https://github.com/Zhuchengyu04/cita-vm-april
[INFO] finished tweaking git repo https://github.com/Zhuchengyu04/cita-vm-april
[INFO] tweaked toml for git repo https://github.com/Zhuchengyu04/cita-vm-april written to /workspace/builds/worker-8/source/Cargo.toml
[INFO] running `Command { std: "/workspace/cargo-home/bin/cargo" "+881c1ac408d93bb7adaa3a51dabab9266e82eee8" "generate-lockfile" "--manifest-path" "Cargo.toml" "-Zno-index-update", kill_on_drop: false }`
[INFO] [stderr]     Updating git repository `https://github.com/algorand/pairing-plus`
[INFO] [stderr]     Updating git repository `https://github.com/algorand/pointproofs`
[INFO] [stderr]     Updating git repository `https://github.com/algorand/pointproofs-paramgen`
[INFO] [stderr]     Updating git repository `https://github.com/algorand/pairing-plus`
[INFO] running `Command { std: "/workspace/cargo-home/bin/cargo" "+881c1ac408d93bb7adaa3a51dabab9266e82eee8" "fetch" "--manifest-path" "Cargo.toml", kill_on_drop: false }`
[INFO] [stderr]     Blocking waiting for file lock on package cache
[INFO] [stderr]  Downloading crates ...
[INFO] [stderr]   Downloaded generic-array v0.8.4
[INFO] [stderr]   Downloaded cryptape-sm v0.3.0
[INFO] [stderr]   Downloaded num-bigint-dig v0.3.0
[INFO] running `Command { std: "docker" "create" "-v" "/var/lib/crater-agent-workspace/builds/worker-8/target:/opt/rustwide/target:rw,Z" "-v" "/var/lib/crater-agent-workspace/builds/worker-8/source:/opt/rustwide/workdir:ro,Z" "-v" "/var/lib/crater-agent-workspace/cargo-home:/opt/rustwide/cargo-home:ro,Z" "-v" "/var/lib/crater-agent-workspace/rustup-home:/opt/rustwide/rustup-home:ro,Z" "-e" "SOURCE_DIR=/opt/rustwide/workdir" "-e" "CARGO_TARGET_DIR=/opt/rustwide/target" "-e" "CARGO_HOME=/opt/rustwide/cargo-home" "-e" "RUSTUP_HOME=/opt/rustwide/rustup-home" "-w" "/opt/rustwide/workdir" "-m" "1610612736" "--user" "0:0" "--network" "none" "ghcr.io/rust-lang/crates-build-env/linux@sha256:20528e8c29e4536546f0102ce88568b16ea7538393a33fcca951030f7af10457" "/opt/rustwide/cargo-home/bin/cargo" "+881c1ac408d93bb7adaa3a51dabab9266e82eee8" "metadata" "--no-deps" "--format-version=1", kill_on_drop: false }`
[INFO] [stdout] 6d41f1f03c0c3aab04a97163abf885c8c57bf5a9b9e8e8524d706c3462504d73
[INFO] [stderr] WARNING: Your kernel does not support swap limit capabilities or the cgroup is not mounted. Memory limited without swap.
[INFO] running `Command { std: "docker" "start" "-a" "6d41f1f03c0c3aab04a97163abf885c8c57bf5a9b9e8e8524d706c3462504d73", kill_on_drop: false }`
[INFO] running `Command { std: "docker" "inspect" "6d41f1f03c0c3aab04a97163abf885c8c57bf5a9b9e8e8524d706c3462504d73", kill_on_drop: false }`
[INFO] running `Command { std: "docker" "rm" "-f" "6d41f1f03c0c3aab04a97163abf885c8c57bf5a9b9e8e8524d706c3462504d73", kill_on_drop: false }`
[INFO] [stdout] 6d41f1f03c0c3aab04a97163abf885c8c57bf5a9b9e8e8524d706c3462504d73
[INFO] running `Command { std: "docker" "create" "-v" "/var/lib/crater-agent-workspace/builds/worker-8/target:/opt/rustwide/target:rw,Z" "-v" "/var/lib/crater-agent-workspace/builds/worker-8/source:/opt/rustwide/workdir:ro,Z" "-v" "/var/lib/crater-agent-workspace/cargo-home:/opt/rustwide/cargo-home:ro,Z" "-v" "/var/lib/crater-agent-workspace/rustup-home:/opt/rustwide/rustup-home:ro,Z" "-e" "SOURCE_DIR=/opt/rustwide/workdir" "-e" "CARGO_TARGET_DIR=/opt/rustwide/target" "-e" "CARGO_INCREMENTAL=0" "-e" "RUST_BACKTRACE=full" "-e" "RUSTFLAGS=--cap-lints=forbid" "-e" "CARGO_HOME=/opt/rustwide/cargo-home" "-e" "RUSTUP_HOME=/opt/rustwide/rustup-home" "-w" "/opt/rustwide/workdir" "-m" "1610612736" "--user" "0:0" "--network" "none" "ghcr.io/rust-lang/crates-build-env/linux@sha256:20528e8c29e4536546f0102ce88568b16ea7538393a33fcca951030f7af10457" "/opt/rustwide/cargo-home/bin/cargo" "+881c1ac408d93bb7adaa3a51dabab9266e82eee8" "build" "--frozen" "--message-format=json", kill_on_drop: false }`
[INFO] [stdout] 5d22f91bfc08f8df652a42cf8097db2602fa4041ac5b3e85ed959ce280c9a7db
[INFO] [stderr] WARNING: Your kernel does not support swap limit capabilities or the cgroup is not mounted. Memory limited without swap.
[INFO] running `Command { std: "docker" "start" "-a" "5d22f91bfc08f8df652a42cf8097db2602fa4041ac5b3e85ed959ce280c9a7db", kill_on_drop: false }`
[INFO] [stderr]    Compiling libc v0.2.95
[INFO] [stderr]    Compiling autocfg v1.0.1
[INFO] [stderr]    Compiling cfg-if v1.0.0
[INFO] [stderr]    Compiling proc-macro2 v1.0.27
[INFO] [stderr]    Compiling unicode-xid v0.2.2
[INFO] [stderr]    Compiling typenum v1.13.0
[INFO] [stderr]    Compiling serde_derive v1.0.126
[INFO] [stderr]    Compiling serde v1.0.126
[INFO] [stderr]    Compiling rand_core v0.4.2
[INFO] [stderr]    Compiling autocfg v0.1.7
[INFO] [stderr]    Compiling getrandom v0.1.16
[INFO] [stderr]    Compiling ppv-lite86 v0.2.10
[INFO] [stderr]    Compiling crunchy v0.1.6
[INFO] [stderr]    Compiling semver-parser v0.7.0
[INFO] [stderr]    Compiling lazy_static v1.4.0
[INFO] [stderr]    Compiling scopeguard v1.1.0
[INFO] [stderr]    Compiling heapsize v0.4.2
[INFO] [stderr]    Compiling nodrop v0.1.14
[INFO] [stderr]    Compiling ryu v1.0.5
[INFO] [stderr]    Compiling byte-tools v0.3.1
[INFO] [stderr]    Compiling maybe-uninit v2.0.0
[INFO] [stderr]    Compiling bitflags v1.2.1
[INFO] [stderr]    Compiling log v0.4.14
[INFO] [stderr]    Compiling unicode-width v0.1.8
[INFO] [stderr]    Compiling rayon-core v1.9.1
[INFO] [stderr]    Compiling serde_json v1.0.64
[INFO] [stderr]    Compiling strsim v0.8.0
[INFO] [stderr]    Compiling itoa v0.4.7
[INFO] [stderr]    Compiling opaque-debug v0.2.3
[INFO] [stderr]    Compiling memchr v2.4.0
[INFO] [stderr]    Compiling remove_dir_all v0.5.3
[INFO] [stderr]    Compiling cbindgen v0.9.1
[INFO] [stderr]    Compiling vec_map v0.8.2
[INFO] [stderr]    Compiling fake-simd v0.1.2
[INFO] [stderr]    Compiling ansi_term v0.11.0
[INFO] [stderr]    Compiling constant_time_eq v0.1.5
[INFO] [stderr]    Compiling either v1.6.1
[INFO] [stderr]    Compiling cfg-if v0.1.10
[INFO] [stderr]    Compiling quick-error v1.2.3
[INFO] [stderr]    Compiling num-bigint-dig v0.3.0
[INFO] [stderr]    Compiling regex-syntax v0.6.25
[INFO] [stderr]    Compiling keccak v0.1.0
[INFO] [stderr]    Compiling arrayref v0.3.6
[INFO] [stderr]    Compiling termcolor v1.1.2
[INFO] [stderr]    Compiling hex v0.3.2
[INFO] [stderr]    Compiling lock_api v0.2.0
[INFO] [stderr]    Compiling semver v0.9.0
[INFO] [stderr]    Compiling block-padding v0.1.5
[INFO] [stderr]    Compiling rand_core v0.3.1
[INFO] [stderr]    Compiling rand_jitter v0.1.4
[INFO] [stderr]    Compiling textwrap v0.11.0
[INFO] [stderr]    Compiling num-traits v0.2.14
[INFO] [stderr]    Compiling num-integer v0.1.44
[INFO] [stderr]    Compiling memoffset v0.6.4
[INFO] [stderr]    Compiling num-bigint v0.2.6
[INFO] [stderr]    Compiling rayon v1.5.1
[INFO] [stderr]    Compiling num-iter v0.1.42
[INFO] [stderr]    Compiling rand_chacha v0.1.1
[INFO] [stderr]    Compiling rand_pcg v0.1.2
[INFO] [stderr]    Compiling rand v0.6.5
[INFO] [stderr]    Compiling humantime v1.3.0
[INFO] [stderr]    Compiling crossbeam-utils v0.8.5
[INFO] [stderr]    Compiling rand_isaac v0.1.1
[INFO] [stderr]    Compiling rand_xorshift v0.1.1
[INFO] [stderr]    Compiling rand_hc v0.1.0
[INFO] [stderr]    Compiling rustc_version v0.2.3
[INFO] [stderr]    Compiling bigint v4.4.3
[INFO] [stderr]    Compiling smallvec v0.6.14
[INFO] [stderr]    Compiling hasher v0.1.3
[INFO] [stderr]    Compiling uint v0.4.1
[INFO] [stderr]    Compiling crossbeam-channel v0.5.1
[INFO] [stderr]    Compiling crossbeam-epoch v0.9.5
[INFO] [stderr]    Compiling parking_lot_core v0.5.0
[INFO] [stderr]    Compiling parking_lot v0.8.0
[INFO] [stderr]    Compiling quote v1.0.9
[INFO] [stderr]    Compiling aho-corasick v0.7.18
[INFO] [stderr]    Compiling rand v0.4.6
[INFO] [stderr]    Compiling getrandom v0.2.3
[INFO] [stderr]    Compiling atty v0.2.14
[INFO] [stderr]    Compiling num_cpus v1.13.0
[INFO] [stderr]    Compiling rand_os v0.1.3
[INFO] [stderr]    Compiling rand v0.5.6
[INFO] [stderr]    Compiling crossbeam-deque v0.8.0
[INFO] [stderr]    Compiling syn v1.0.72
[INFO] [stderr]    Compiling clap v2.33.3
[INFO] [stderr]    Compiling rand_core v0.5.1
[INFO] [stderr]    Compiling rand_core v0.6.2
[INFO] [stderr]    Compiling generic-array v0.12.4
[INFO] [stderr]    Compiling generic-array v0.8.4
[INFO] [stderr]    Compiling rand_chacha v0.3.0
[INFO] [stderr]    Compiling rand_xorshift v0.2.0
[INFO] [stderr]    Compiling rand_chacha v0.2.2
[INFO] [stderr]    Compiling atoi v0.3.3
[INFO] [stderr]    Compiling digest v0.6.2
[INFO] [stderr]    Compiling crypto-mac v0.4.0
[INFO] [stderr]    Compiling block-buffer v0.2.0
[INFO] [stderr]    Compiling digest v0.8.1
[INFO] [stderr]    Compiling block-buffer v0.7.3
[INFO] [stderr]    Compiling fixed-hash v0.2.5
[INFO] [stderr]    Compiling rand v0.7.3
[INFO] [stderr]    Compiling hmac v0.4.2
[INFO] [stderr]    Compiling rand v0.8.3
[INFO] [stderr]    Compiling sha2 v0.6.0
[INFO] [stderr]    Compiling sha2 v0.8.2
[INFO] [stderr]    Compiling sha3 v0.8.2
[INFO] [stderr]    Compiling ripemd160 v0.8.0
[INFO] [stderr]    Compiling regex v1.5.4
[INFO] [stderr]    Compiling hmac-drbg v0.1.2
[INFO] [stderr]    Compiling libsecp256k1 v0.2.2
[INFO] [stderr]    Compiling tempfile v3.2.0
[INFO] [stderr]    Compiling env_logger v0.6.2
[INFO] [stderr]    Compiling hashbrown v0.3.1
[INFO] [stderr]    Compiling synstructure v0.12.4
[INFO] [stderr]    Compiling zeroize_derive v1.1.0
[INFO] [stderr]    Compiling ff_derive-zeroize v0.6.2
[INFO] [stderr]    Compiling zeroize v1.3.0
[INFO] [stderr]    Compiling ff-zeroize v0.6.3
[INFO] [stderr]    Compiling pairing-plus v0.20.0 (https://github.com/algorand/pairing-plus?branch=master#7ec2ae03)
[INFO] [stderr]    Compiling pairing-plus v0.20.0 (https://github.com/algorand/pairing-plus#7ec2ae03)
[INFO] [stderr]    Compiling pointproofs-paramgen v0.1.0 (https://github.com/algorand/pointproofs-paramgen#43a92ebf)
[INFO] [stderr]    Compiling ethereum-types-serialize v0.2.2
[INFO] [stderr]    Compiling toml v0.5.8
[INFO] [stderr]    Compiling ethbloom v0.5.3
[INFO] [stderr]    Compiling ethereum-types v0.4.2
[INFO] [stderr]    Compiling rlp v0.3.0
[INFO] [stderr]    Compiling cita_trie v2.0.0
[INFO] [stderr]    Compiling pointproofs v0.1.0 (https://github.com/algorand/pointproofs#1480e0ed)
[INFO] [stdout] error[E0599]: no function or associated item named `deserialize` found for struct `PointproofsParams` in the current scope
[INFO] [stdout]    --> /opt/rustwide/cargo-home/git/checkouts/pointproofs-1e21f92dd75185e4/1480e0e/src/pairings/param.rs:300:64
[INFO] [stdout]     |
[INFO] [stdout] 300 |     let param = match pointproofs_paramgen::PointproofsParams::deserialize(reader, true) {
[INFO] [stdout]     |                                                                ^^^^^^^^^^^ function or associated item not found in `PointproofsParams`
[INFO] [stdout]     |
[INFO] [stdout]     = help: items from traits can only be used if the trait is in scope
[INFO] [stdout]     = note: the following trait is implemented but not in scope; perhaps add a `use` for it:
[INFO] [stdout]             `use pairing_plus::serdes::SerDes;`
[INFO] [stdout] 
[INFO] [stdout] 
[INFO] [stdout] error[E0308]: mismatched types
[INFO] [stdout]    --> /opt/rustwide/cargo-home/git/checkouts/pointproofs-1e21f92dd75185e4/1480e0e/src/pairings/param.rs:316:18
[INFO] [stdout]     |
[INFO] [stdout] 316 |             vec![PointproofsG1::zero().into_affine()],
[INFO] [stdout]     |                  ^^^^^^^^^^^^^^^^^^^^^^^^^^^^^^^^^^^ expected struct `pairing_plus::bls12_381::ec::g1::G1Affine`, found struct `pairing::bls12_381::G1Affine`
[INFO] [stdout]     |
[INFO] [stdout]     = note: perhaps two different versions of crate `pairing_plus` are being used?
[INFO] [stdout] 
[INFO] [stdout] 
[INFO] [stdout] error[E0308]: mismatched types
[INFO] [stdout]    --> /opt/rustwide/cargo-home/git/checkouts/pointproofs-1e21f92dd75185e4/1480e0e/src/pairings/param.rs:314:21
[INFO] [stdout]     |
[INFO] [stdout] 314 |           generators: [
[INFO] [stdout]     |  _____________________^
[INFO] [stdout] 315 | |             param.g1_alpha_1_to_n,
[INFO] [stdout] 316 | |             vec![PointproofsG1::zero().into_affine()],
[INFO] [stdout] 317 | |             param.g1_alpha_nplus2_to_2n,
[INFO] [stdout] 318 | |         ]
[INFO] [stdout] 319 | |         .concat(),
[INFO] [stdout]     | |_________________^ expected struct `pairing::bls12_381::G1Affine`, found struct `pairing_plus::bls12_381::ec::g1::G1Affine`
[INFO] [stdout]     |
[INFO] [stdout]     = note: expected struct `Vec<pairing::bls12_381::G1Affine>`
[INFO] [stdout]                found struct `Vec<pairing_plus::bls12_381::ec::g1::G1Affine>`
[INFO] [stdout]     = note: perhaps two different versions of crate `pairing_plus` are being used?
[INFO] [stdout] 
[INFO] [stdout] 
[INFO] [stdout] error[E0308]: mismatched types
[INFO] [stdout]    --> /opt/rustwide/cargo-home/git/checkouts/pointproofs-1e21f92dd75185e4/1480e0e/src/pairings/param.rs:328:21
[INFO] [stdout]     |
[INFO] [stdout] 328 |         generators: param.g2_alpha_1_to_n,
[INFO] [stdout]     |                     ^^^^^^^^^^^^^^^^^^^^^ expected struct `pairing::bls12_381::G2Affine`, found struct `pairing_plus::bls12_381::ec::g2::G2Affine`
[INFO] [stdout]     |
[INFO] [stdout]     = note: expected struct `Vec<pairing::bls12_381::G2Affine>`
[INFO] [stdout]                found struct `Vec<pairing_plus::bls12_381::ec::g2::G2Affine>`
[INFO] [stdout]     = note: perhaps two different versions of crate `pairing_plus` are being used?
[INFO] [stdout] 
[INFO] [stdout] 
[INFO] [stdout] error[E0308]: mismatched types
[INFO] [stdout]    --> /opt/rustwide/cargo-home/git/checkouts/pointproofs-1e21f92dd75185e4/1480e0e/src/pairings/param.rs:331:17
[INFO] [stdout]     |
[INFO] [stdout] 331 |         gt_elt: param.gt_alpha_nplus1,
[INFO] [stdout]     |                 ^^^^^^^^^^^^^^^^^^^^^ expected struct `pairing::bls12_381::Fq12`, found struct `pairing_plus::bls12_381::fq12::Fq12`
[INFO] [stdout]     |
[INFO] [stdout]     = note: perhaps two different versions of crate `pairing_plus` are being used?
[INFO] [stdout] 
[INFO] [stdout] 
[INFO] [stdout] error: aborting due to 5 previous errors
[INFO] [stdout] 
[INFO] [stdout] 
[INFO] [stdout] Some errors have detailed explanations: E0308, E0599.
[INFO] [stdout] 
[INFO] [stdout] For more information about an error, try `rustc --explain E0308`.
[INFO] [stdout] 
[INFO] [stderr] error: could not compile `pointproofs`
[INFO] [stderr] 
[INFO] [stderr] To learn more, run the command again with --verbose.
[INFO] [stderr] warning: build failed, waiting for other jobs to finish...
[INFO] [stderr] error: build failed
[INFO] running `Command { std: "docker" "inspect" "5d22f91bfc08f8df652a42cf8097db2602fa4041ac5b3e85ed959ce280c9a7db", kill_on_drop: false }`
[INFO] running `Command { std: "docker" "rm" "-f" "5d22f91bfc08f8df652a42cf8097db2602fa4041ac5b3e85ed959ce280c9a7db", kill_on_drop: false }`
[INFO] [stdout] 5d22f91bfc08f8df652a42cf8097db2602fa4041ac5b3e85ed959ce280c9a7db
